ided by 2234726.
12
What is the remainder when 154632 is divided by 77188?
256
What is the remainder when 17536 is divided by 3495?
61
What is the remainder when 3904263 is divided by 52?
51
Calculate the remainder when 570908 is divided by 570905.
3
What is the remainder when 1148796 is divided by 574363?
70
What is the remainder when 300328 is divided by 1517?
1479
Calculate the remainder when 562351 is divided by 3503.
1871
Calculate the remainder when 119029 is divided by 2085.
184
What is the remainder when 37302 is divided by 18255?
792
What is the remainder when 3580655 is divided by 625?
30
What is the remainder when 124606 is divided by 6229?
26
Calculate the remainder when 23834842 is divided by 108.
106
What is the remainder when 211643569 is divided by 124?
121
Calculate the remainder when 281189 is divided by 90502.
9683
Calculate the remainder when 873384 is divided by 37973.
5
Calculate the remainder when 142635 is divided by 3475.
160
What is the remainder when 126833 is divided by 63338?
157
What is the remainder when 236339 is divided by 115990?
4359
Calculate the remainder when 38401853 is divided by 4.
1
Calculate the remainder when 39623710 is divided by 191.
187
What is the remainder when 4556293 is divided by 657?
655
Calculate the remainder when 2785884 is divided by 257.
4
Calculate the remainder when 211304 is divided by 8799.
128
What is the remainder when 13284674 is divided by 251?
248
Calculate the remainder when 891937 is divided by 222451.
2133
Calculate the remainder when 2177943 is divided by 940.
903
Calculate the remainder when 121616 is divided by 4840.
616
Calculate the remainder when 30334 is divided by 2963.
704
Calculate the remainder when 31026 is divided by 15003.
1020
What is the remainder when 272851 is divided by 163?
152
What is the remainder when 813170 is divided by 3240?
3170
What is the remainder when 35057457 is divided by 11685815?
12
Calculate the remainder when 11726535 is divided by 1560.
15
Calculate the remainder when 441869 is divided by 243.
95
What is the remainder when 11339156 is divided by 154?
136
What is the remainder when 15655 is divided by 201?
178
Calculate the remainder when 41406626 is divided by 62.
50
What is the remainder when 4131105 is divided by 51637?
145
What is the remainder when 3991083 is divided by 199548?
123
What is the remainder when 5518976 is divided by 317?
6
What is the remainder when 97023 is divided by 419?
234
What is the remainder when 2365556 is divided by 159?
113
Calculate the remainder when 17536128 is divided by 8768039.
50
What is the remainder when 520824 is divided by 23673?
18
What is the remainder when 496070 is divided by 55?
25
Calculate the remainder when 176353 is divided by 88164.
25
Calculate the remainder when 1412488 is divided by 591.
589
What is the remainder when 9820 is divided by 2850?
1270
Calculate the remainder when 10036988 is divided by 48.
44
Calculate the remainder when 25300370 is divided by 20.
10
What is the remainder when 1096119 is divided by 23827?
77
Calculate the remainder when 337409 is divided by 90.
89
Calculate the remainder when 2373570 is divided by 21005.
5
What is the remainder when 704974 is divided by 746?
4
What is the remainder when 1056319 is divided by 435?
139
Calculate the remainder when 22611368 is divided by 69.
68
What is the remainder when 190822 is divided by 1988?
1962
Calculate the remainder when 268634 is divided by 270.
254
What is the remainder when 63944859 is divided by 73?
71
Calculate the remainder when 194581 is divided by 1014.
907
Calculate the remainder when 1457962609 is divided by 7.
5
What is the remainder when 1193862 is divided by 29117?
65
What is the remainder when 13269 is divided by 944?
53
What is the remainder when 18912055 is divided by 43?
10
What is the remainder when 33660314 is divided by 56?
2
What is the remainder when 6975752 is divided by 702?
680
What is the remainder when 3015028 is divided by 31?
30
What is the remainder when 214897 is divided by 14250?
1147
What is the remainder when 35133653 is divided by 219?
140
What is the remainder when 31903481 is divided by 6775?
6
Calculate the remainder when 6235816 is divided by 27112.
56
What is the remainder when 228876910 is divided by 88?
86
What is the remainder when 15763 is divided by 3664?
1107
What is the remainder when 869062 is divided by 697?
600
Calculate the remainder when 31760 is divided by 256.
16
What is the remainder when 18837704 is divided by 224258?
32
What is the remainder when 411069 is divided by 453?
198
Calculate the remainder when 939471 is divided by 93869.
781
Calculate the remainder when 95858058 is divided by 277.
269
Calculate the remainder when 44552724 is divided by 2121558.
6
What is the remainder when 3231862777 is divided by 31?
30
What is the remainder when 174937 is divided by 2309?
1762
What is the remainder when 136936 is divided by 6846?
16
Calculate the remainder when 112032 is divided by 37320.
72
What is the remainder when 91538173 is divided by 284280?
13
Calculate the remainder when 777925 is divided by 1499.
1443
Calculate the remainder when 15914005 is divided by 1168.
5
Calculate the remainder when 668106 is divided by 870.
816
What is the remainder when 48859594 is divided by 1116?
1114
Calculate the remainder when 12696138 is divided by 2116023.
0
What is the remainder when 327761278 is divided by 1056?
1054
What is the remainder when 2397755 is divided by 33?
8
What is the remainder when 5072884 is divided by 80?
4
Calculate the remainder when 1428065 is divided by 3216.
161
Calculate the remainder when 283735 is divided by 18868.
715
Calculate the remainder when 26077189 is divided by 24.
13
What is the remainder when 8716034 is divided by 13?
2
What is the remainder when 7647908 is divided by 4299?
4286
Calculate the remainder when 579925 is divided by 11354.
871
Calculate the remainder when 1531912 is divided by 382963.
60
Calculate the remainder when 5973598 is divided by 760.
758
What is the remainder when 7010575 is divided by 194?
191
Calculate the remainder when 44829372 is divided by 482.
480
What is the remainder when 5431205 is divided by 242?
241
What is the remainder when 12979 is divided by 3120?
499
What is the remainder when 94277 is divided by 3612?
365
Calculate the remainder when 143721 is divided by 995.
441
What is the remainder when 16363 is divided by 6604?
3155
Calculate the remainder when 130654 is divided by 400.
254
Calculate the remainder when 5074360 is divided by 23.
8
Calculate the remainder when 37693 is divided by 12474.
271
Calculate the remainder when 5830564 is divided by 971756.
28
What is the remainder when 4341542 is divided by 262?
202
Calculate the remainder when 2490690 is divided by 1245336.
18
Calculate the remainder when 126285 is divided by 710.
615
What is the remainder when 1044156 is divided by 126?
120
Calculate the remainder when 10511485 is divided by 14.
5
What is the remainder when 3036760 is divided by 2034?
2032
What is the remainder when 171081 is divided by 541?
125
What is the remainder when 649328 is divided by 74?
52
Calculate the remainder when 27266 is divided by 1884.
890
Calculate the remainder when 2730208 is divided by 1365016.
176
Calculate the remainder when 148108 is divided by 824.
612
What is the remainder when 1398580 is divided by 2512?
1908
Calculate the remainder when 1160445 is divided by 1533.
1497
Calculate the remainder when 5850280 is divided by 1950085.
25
What is the remainder when 22160718 is divided by 40?
38
Calculate the remainder when 1903509 is divided by 51.
36
Calculate the remainder when 1003876 is divided by 27885.
16
What is the remainder when 56671 is divided by 2480?
2111
Calculate the remainder when 304743 is divided by 25286.
1311
Calculate the remainder when 168008 is divided by 3591.
2822
Calculate the remainder when 132800973 is divided by 5192.
5189
What is the remainder when 23633071 is divided by 985?
951
What is the remainder when 769675 is divided by 8453?
452
What is the remainder when 9813331 is divided by 4094?
13
Calculate the remainder when 11939140 is divided by 52.
44
What is the remainder when 567676 is divided by 972?
28
What is the remainder